{"id":7,"date":"2022-02-23T12:47:15","date_gmt":"2022-02-23T11:47:15","guid":{"rendered":"http:\/\/preservonsaurons.org\/?page_id=7"},"modified":"2022-02-25T00:17:21","modified_gmt":"2022-02-24T23:17:21","slug":"a-propos-de","status":"publish","type":"page","link":"https:\/\/preservonsaurons.org\/index.php\/a-propos-de\/","title":{"rendered":"Qui sommes sous ?"},"content":{"rendered":"\n<p>L\u2019association Pr\u00e9servons Aurons est une association r\u00e9gie par la Loi du 1<sup>er<\/sup> juillet 1901, cr\u00e9\u00e9e en janvier 2022, afin de f\u00e9d\u00e9rer les habitants d\u2019Aurons oppos\u00e9s \u00e0 une modification du PLU du village.<\/p>\n\n\n\n<p>Cette initiative fait suite \u00e0 une mobilisation spontan\u00e9e d\u2019auronais qui ont demand\u00e9, sans succ\u00e8s, d\u00e8s septembre 2021, l\u2019organisation d\u2019une r\u00e9union publique et d\u2019une consultation formelle des auronais, pour faire suite au projet de modification du PLU envisag\u00e9 par la mairie. Plus de 130 signatures ont \u00e9t\u00e9 collect\u00e9es en une semaine. Malgr\u00e9 cette mobilisation, le maire n\u2019a r\u00e9pondu \u00e0 aucun des courriers et sollicitations qui lui ont \u00e9t\u00e9 adress\u00e9es, raison pour laquelle il est apparu n\u00e9cessaire de se constituer en association. Ce statut permet de donner une visibilit\u00e9 \u00e0 notre action voire d\u2019ester en justice.<\/p>\n\n\n\n<p>Cette mobilisation est non partisane. Elle a pour objet de pr\u00e9server le village en d\u00e9fendant le PLU actuel, adopt\u00e9 sur la base d\u2019un travail de fond incluant des \u00e9tudes d\u2019impacts pr\u00e9cises, et qui a constitu\u00e9 le principal argument de campagne du maire pour se faire \u00e9lire.<\/p>\n\n\n\n<p>L\u2019association r\u00e9unit des profils diff\u00e9rents, qui partagent un m\u00eame amour du village, une volont\u00e9 de prise en compte des enjeux environnementaux, de concertation citoyenne et de pr\u00e9servation de la typicit\u00e9 d\u2019Aurons, dans le respect d\u2019un d\u00e9veloppement ma\u00eetris\u00e9.<\/p>\n\n\n\n<p>\u00ab&nbsp;<em>\u00ab Pr\u00e9servons Aurons \u00bb est une association visant \u00e0 \u00e9tudier et analyser les impacts environnementaux, \u00e9conomiques et sociaux des petits, moyens et grands projets propos\u00e9s par la Mairie sur la commune d&#8217;Aurons et ainsi assurer une veille citoyenne sur les enjeux \u00e9cologiques d&#8217;aujourd&#8217;hui. \u00ab Pr\u00e9servons Aurons \u00bb vise aussi \u00e0 promouvoir et \u00e0 s&#8217;assurer de la consultation et de la participation citoyenne \u00e0 ces d\u00e9cisions et pour tous projets de construction, d\u2019am\u00e9nagement et d\u2019urbanisme touchant au cadre de vie des habitants du village d\u2019Aurons et impliquant des impacts environnementaux, \u00e9conomiques et sociaux sur la commune<\/em>.&nbsp;\u00bb (extrait des statuts)<\/p>\n\n\n\n<p>L\u2019association est r\u00e9gie par un Conseil d\u2019administration \u00a0constitu\u00e9 de : Marl\u00e8ne Jouan (Co-Pr\u00e9sidente), Marcus van de Wijdeven (co-Pr\u00e9sident), Beno\u00eet Galopin (Tr\u00e9sorier), Pierre Girod (Secr\u00e9taire), Marc Belluau et Esteban Laville. La liste des membres n\u2019est pas rendue publique.<\/p>\n\n\n\n<p>Vous souhaitez vous investir dans l\u2019association, pour recevoir de l\u2019information, signer la p\u00e9tition ou participer \u00e0 nos actions&nbsp;? Adressez un courriel \u00e0 <\/p>\n\n\n<div role=\"form\" class=\"wpcf7\" id=\"wpcf7-f675-o1\" lang=\"fr-FR\" dir=\"ltr\">\n<div class=\"screen-reader-response\"><p role=\"status\" aria-live=\"polite\" aria-atomic=\"true\"><\/p> <ul><\/ul><\/div>\n<form action=\"\/index.php\/wp-json\/wp\/v2\/pages\/7#wpcf7-f675-o1\" method=\"post\" class=\"wpcf7-form init\" novalidate=\"novalidate\" data-status=\"init\">\n<div style=\"display: none;\">\n<input type=\"hidden\" name=\"_wpcf7\" value=\"675\" \/>\n<input type=\"hidden\" name=\"_wpcf7_version\" value=\"5.5.6\" \/>\n<input type=\"hidden\" name=\"_wpcf7_locale\" value=\"fr_FR\" \/>\n<input type=\"hidden\" name=\"_wpcf7_unit_tag\" value=\"wpcf7-f675-o1\" \/>\n<input type=\"hidden\" name=\"_wpcf7_container_post\" value=\"0\" \/>\n<input type=\"hidden\" name=\"_wpcf7_posted_data_hash\" value=\"\" \/>\n<\/div>\n<p><label> Votre nom<br \/>\n    <span class=\"wpcf7-form-control-wrap your-name\"><input type=\"text\" name=\"your-name\" value=\"\" size=\"40\" class=\"wpcf7-form-control wpcf7-text wpcf7-validates-as-required\" aria-required=\"true\" aria-invalid=\"false\" \/><\/span> <\/label><\/p>\n<p><label> Votre e-mail<br \/>\n    <span class=\"wpcf7-form-control-wrap your-email\"><input type=\"email\" name=\"your-email\" value=\"\" size=\"40\" class=\"wpcf7-form-control wpcf7-text wpcf7-email wpcf7-validates-as-required wpcf7-validates-as-email\" aria-required=\"true\" aria-invalid=\"false\" \/><\/span> <\/label><\/p>\n<p><label> Votre message \u00e0 destination de l'association Pr\u00e9servons Aurons<br \/>\n    <span class=\"wpcf7-form-control-wrap your-subject\"><input type=\"text\" name=\"your-subject\" value=\"\" size=\"40\" class=\"wpcf7-form-control wpcf7-text wpcf7-validates-as-required\" aria-required=\"true\" aria-invalid=\"false\" \/><\/span> <\/label><\/p>\n<p><label> Votre message (facultatif)<br \/>\n    <span class=\"wpcf7-form-control-wrap your-message\"><textarea name=\"your-message\" cols=\"40\" rows=\"10\" class=\"wpcf7-form-control wpcf7-textarea\" aria-invalid=\"false\"><\/textarea><\/span> <\/label><\/p>\n<p><input type=\"submit\" value=\"Envoyer\" class=\"wpcf7-form-control has-spinner wpcf7-submit\" \/><\/p>\n<p style=\"display: none !important;\"><label>&#916;<textarea name=\"_wpcf7_ak_hp_textarea\" cols=\"45\" rows=\"8\" maxlength=\"100\"><\/textarea><\/label><input type=\"hidden\" id=\"ak_js\" name=\"_wpcf7_ak_js\" value=\"146\"\/><script>document.getElementById( \"ak_js\" ).setAttribute( \"value\", ( new Date() ).getTime() );<\/script><\/p><div class=\"wpcf7-response-output\" aria-hidden=\"true\"><\/div><\/form><\/div>\n","protected":false},"excerpt":{"rendered":"<p>L\u2019association Pr\u00e9servons Aurons est une association r\u00e9gie par la Loi du 1er juillet 1901, cr\u00e9\u00e9e en janvier 2022, afin de f\u00e9d\u00e9rer les habitants d\u2019Aurons oppos\u00e9s \u00e0 une modification du PLU du village. Cette initiative fait suite \u00e0 une mobilisation spontan\u00e9e<\/p>\n","protected":false},"author":1,"featured_media":0,"parent":0,"menu_order":0,"comment_status":"closed","ping_status":"closed","template":"","meta":{"footnotes":""},"class_list":["post-7","page","type-page","status-publish","hentry"],"_links":{"self":[{"href":"https:\/\/preservonsaurons.org\/index.php\/wp-json\/wp\/v2\/pages\/7","targetHints":{"allow":["GET"]}}],"collection":[{"href":"https:\/\/preservonsaurons.org\/index.php\/wp-json\/wp\/v2\/pages"}],"about":[{"href":"https:\/\/preservonsaurons.org\/index.php\/wp-json\/wp\/v2\/types\/page"}],"author":[{"embeddable":true,"href":"https:\/\/preservonsaurons.org\/index.php\/wp-json\/wp\/v2\/users\/1"}],"replies":[{"embeddable":true,"href":"https:\/\/preservonsaurons.org\/index.php\/wp-json\/wp\/v2\/comments?post=7"}],"version-history":[{"count":6,"href":"https:\/\/preservonsaurons.org\/index.php\/wp-json\/wp\/v2\/pages\/7\/revisions"}],"predecessor-version":[{"id":682,"href":"https:\/\/preservonsaurons.org\/index.php\/wp-json\/wp\/v2\/pages\/7\/revisions\/682"}],"wp:attachment":[{"href":"https:\/\/preservonsaurons.org\/index.php\/wp-json\/wp\/v2\/media?parent=7"}],"curies":[{"name":"wp","href":"https:\/\/api.w.org\/{rel}","templated":true}]}}

<p>L’association Préservons Aurons est une association régie par la Loi du 1<sup>er</sup> juillet 1901, créée en janvier 2022, afin de fédérer les habitants d’Aurons opposés à une modification du PLU du village.</p>



<p>Cette initiative fait suite à une mobilisation spontanée d’auronais qui ont demandé, sans succès, dès septembre 2021, l’organisation d’une réunion publique et d’une consultation formelle des auronais, pour faire suite au projet de modification du PLU envisagé par la mairie. Plus de 130 signatures ont été collectées en une semaine. Malgré cette mobilisation, le maire n’a répondu à aucun des courriers et sollicitations qui lui ont été adressées, raison pour laquelle il est apparu nécessaire de se constituer en association. Ce statut permet de donner une visibilité à notre action voire d’ester en justice.</p>



<p>Cette mobilisation est non partisane. Elle a pour objet de préserver le village en défendant le PLU actuel, adopté sur la base d’un travail de fond incluant des études d’impacts précises, et qui a constitué le principal argument de campagne du maire pour se faire élire.</p>



<p>L’association réunit des profils différents, qui partagent un même amour du village, une volonté de prise en compte des enjeux environnementaux, de concertation citoyenne et de préservation de la typicité d’Aurons, dans le respect d’un développement maîtrisé.</p>



<p>«&nbsp;<em>« Préservons Aurons » est une association visant à étudier et analyser les impacts environnementaux, économiques et sociaux des petits, moyens et grands projets proposés par la Mairie sur la commune d&#8217;Aurons et ainsi assurer une veille citoyenne sur les enjeux écologiques d&#8217;aujourd&#8217;hui. « Préservons Aurons » vise aussi à promouvoir et à s&#8217;assurer de la consultation et de la participation citoyenne à ces décisions et pour tous projets de construction, d’aménagement et d’urbanisme touchant au cadre de vie des habitants du village d’Aurons et impliquant des impacts environnementaux, économiques et sociaux sur la commune</em>.&nbsp;» (extrait des statuts)</p>



<p>L’association est régie par un Conseil d’administration  constitué de : Marlène Jouan (Co-Présidente), Marcus van de Wijdeven (co-Président), Benoît Galopin (Trésorier), Pierre Girod (Secrétaire), Marc Belluau et Esteban Laville. La liste des membres n’est pas rendue publique.</p>



<p>Vous souhaitez vous investir dans l’association, pour recevoir de l’information, signer la pétition ou participer à nos actions&nbsp;? Adressez un courriel à </p>


<div role="form" class="wpcf7" id="wpcf7-f675-o1" lang="fr-FR" dir="ltr">
<div class="screen-reader-response"><p role="status" aria-live="polite" aria-atomic="true"></p> <ul></ul></div>
<form action="/index.php/wp-json/wp/v2/pages/7#wpcf7-f675-o1" method="post" class="wpcf7-form init" novalidate="novalidate" data-status="init">
<div style="display: none;">
<input type="hidden" name="_wpcf7" value="675" />
<input type="hidden" name="_wpcf7_version" value="5.5.6" />
<input type="hidden" name="_wpcf7_locale" value="fr_FR" />
<input type="hidden" name="_wpcf7_unit_tag" value="wpcf7-f675-o1" />
<input type="hidden" name="_wpcf7_container_post" value="0" />
<input type="hidden" name="_wpcf7_posted_data_hash" value="" />
</div>
<p><label> Votre nom<br />
    <span class="wpcf7-form-control-wrap your-name"><input type="text" name="your-name" value="" size="40" class="wpcf7-form-control wpcf7-text wpcf7-validates-as-required" aria-required="true" aria-invalid="false" /></span> </label></p>
<p><label> Votre e-mail<br />
    <span class="wpcf7-form-control-wrap your-email"><input type="email" name="your-email" value="" size="40" class="wpcf7-form-control wpcf7-text wpcf7-email wpcf7-validates-as-required wpcf7-validates-as-email" aria-required="true" aria-invalid="false" /></span> </label></p>
<p><label> Votre message à destination de l'association Préservons Aurons<br />
    <span class="wpcf7-form-control-wrap your-subject"><input type="text" name="your-subject" value="" size="40" class="wpcf7-form-control wpcf7-text wpcf7-validates-as-required" aria-required="true" aria-invalid="false" /></span> </label></p>
<p><label> Votre message (facultatif)<br />
    <span class="wpcf7-form-control-wrap your-message"><textarea name="your-message" cols="40" rows="10" class="wpcf7-form-control wpcf7-textarea" aria-invalid="false"></textarea></span> </label></p>
<p><input type="submit" value="Envoyer" class="wpcf7-form-control has-spinner wpcf7-submit" /></p>
<p style="display: none !important;"><label>&#916;<textarea name="_wpcf7_ak_hp_textarea" cols="45" rows="8" maxlength="100"></textarea></label><input type="hidden" id="ak_js" name="_wpcf7_ak_js" value="146"/><script>document.getElementById( "ak_js" ).setAttribute( "value", ( new Date() ).getTime() );</script></p><div class="wpcf7-response-output" aria-hidden="true"></div></form></div>

<p>L’association Préservons Aurons est une association régie par la Loi du 1er juillet 1901, créée en janvier 2022, afin de fédérer les habitants d’Aurons opposés à une modification du PLU du village. Cette initiative fait suite à une mobilisation spontanée</p>
